e the second derivative of d(z). Give k(-2).
7
Suppose 3*z - 4*q = -25, -31 = 4*z - 33*q + 30*q. Let h(r) = r**2 + 2*r + 11. Calculate h(z).
46
Let n(q) = 6*q**2 - 3*q + 1. Let g be n(2). Suppose 62 = -4*t - 2*s, -t - 2*s - g = 2*s. Let v(i) = -i**3 - 16*i**2 - 15*i - 9. Give v(t).
-9
Let m(s) be the second derivative of 1/6*s**3 + 58 - 3*s**2 + s. Give m(6).
0
Let i(k) = 2*k**2 + k - 14. Let u(x) = -7*x**2 + 2*x + 41. Let t(q) = 6*i(q) + 2*u(q). Calculate t(5).
-2
Let a(h) be the third derivative of h**6/120 - h**5/30 - h**3/3 - h**2. Let u = 3772 - 3774. Calculate a(u).
-18
Let s(b) be the third derivative of b**5/60 - 31*b**4/24 + 67*b**3/6 + 4534*b**2. Determine s(27).
-41
Let c(j) = 3*j**2 - 2068 - j - 7*j**3 - 3*j + 8*j**3 + 2066. Determine c(-5).
-32
Let o = 3897 - 3893. Let a(x) = x**2 - 5*x + 4. What is a(o)?
0
Let a(i) = 17*i**3 - 7*i**2 + 16*i + 11. Let q(t) = -45*t**3 + 20*t**2 - 46*t - 33. Let m(h) = -8*a(h) - 3*q(h). Determine m(-6).
23
Let g = -2 + 7. Suppose -2*l - 15 = -5*o, 0 = -3*l - 2*o + 5*o. Let s(x) = -3*x - 5*x + 4 + 0*x + l*x. Give s(g).
-11
Let c(x) be the third derivative of x**5/60 + x**4/4 - x**3/6 + 65*x**2. Let j = 99 + -91. Let g be j*-1 - 0*(-2)/(-10). Determine c(g).
15
Let v(h) = 60*h - 210. Let c(b) = 23*b - 69. Let q(z) = 11*c(z) - 4*v(z). Determine q(-7).
-10
Let o(m) be the third derivative of 0 - 29*m**2 + 0*m - 1/120*m**6 + m**3 + 1/24*m**4 + 1/10*m**5. Suppose 0 = 3*q - 0 - 18. Give o(q).
12
Suppose -5*h - 16 - 9 = 0. Let f(j) = -3*j**2 + 249*j + 7. Let y(l) = l**2 - 61*l. Let o(r) = -f(r) - 4*y(r). Determine o(h).
-7
Suppose 0 = -r + 5, -3 = -5*c + 5*r + 2. Let b(h) = -10*h + 11*h - 2742 + 2734. Give b(c).
-2
Let g be 22/(-5) - 27/45. Let d be ((-34)/8 - g) + 22/(-8). Let q(u) = -u**2 - u - 1. Calculate q(d).
-3
Let k(c) = 0 - c + 4 - 3 + 15. Let d = -6663 - -6670. Determine k(d).
9
Let w(m) = m**3 - 49 + 40 - 8*m**2 - 7*m**2. Determine w(15).
-9
Let y be (21/(-14))/(1/(-2) - 3/(-4)). Let n(j) = j**3 + 5*j**2 - j - 6. What is n(y)?
-36
Let j(m) = -11*m + 3. Let b(u) be the third derivative of -3*u**4/8 + u**3/3 - u**2 - 112. Let s(v) = -5*b(v) + 4*j(v). Let z = -9 - -7. What is s(z)?
0
Let c(w) = 6*w - 25. Let j(n) = -3*n + 13. Let t(g) = 3*c(g) + 7*j(g). Let z(l) = -10*l + 47. Let a be 2/(-4)*-4*1. Let q(u) = a*z(u) - 7*t(u). Determine q(0).
-18
Let d(s) = 10*s + 6. Let r(j) = j**2 + 2*j - 27. Suppose 16*k - 211 = -307. Let z be r(k). Determine d(z).
-24
Let h(d) = -6*d**3 - d**2 + 2*d + 3. Let q be -3 + 12/(-2 - -5). Let k(l) = -l**2 + l + 2. Let r(f) = q*h(f) - k(f). What is r(-1)?
6
Suppose -20 = 4*a - 88. Suppose -11*l = -a + 28. Let k(t) = 6*t. Give k(l).
-6
Let q = -17 - -11. Let j = 4 + q. Let f(o) be the second derivative of o**4/12 + o**2/2 - 2541*o. Determine f(j).
5
Let k(d) = 6*d + 34. Let g(o) = 6*o + 67. Let f(m) = -2*g(m) + 5*k(m). What is f(-7)?
-90
Let m be (30/10)/((-6)/(-8)). Suppose 46 = m*h + 10. Let q(t) = 2*t + t + t**2 - h*t. Determine q(5).
-5
Let y(s) = -60 - 4*s - 46*s - 117 + 23*s - 33. Calculate y(-8).
6
Let i(t) = 7*t + 3*t**3 - 2*t**3 + 0*t**3 - 6 - 6*t**2. Suppose -17 - 5 = -5*d - 3*m, m = 2*d. Suppose 3*a - 2*u - 27 = d*u, -4*a + 8 = 4*u. What is i(a)?
4
Let a be -4*3/9*30/20. Let l be a/(-4)*3/6*52. Let w(z) = l*z - 6 - 10*z + 0*z. Give w(5).
9
Let x(i) = -i**2 - 9*i - 5. Suppose -3*v = 13 - 772. Suppose 0 = 35*g - 58*g - v. Give x(g).
-27
Let x(s) = 33*s - 103. Let r = -3314 - -3317. What is x(r)?
-4
Let p(a) = 2*a**2 - 56*a - 36. Let d(t) = t**2 - 1. Let y(c) = 5*d(c) - p(c). Let o be y(-18). Let f(k) = k**3 + 6*k**2 + 2*k. Calculate f(o).
15
Let u(x) = -10 - 12 + x + 11 - 2*x. Let f(o) be the third derivative of -o**5/60 + o**4/2 - o**3 - 2*o**2. Let g be f(12). What is u(g)?
-5
Let m(p) = 5*p + 10. Let g(a) = 2*a**3 - 22*a**2 + 3*a - 37. Let k = -295 + 306. Let t be g(k). What is m(t)?
-10
Let q(n) = 11*n**2 + n. Let s be q(1). Let a be ((-9)/27)/((-2)/s). Let p(d) = -2*d + 3*d**3 + 7*d**a - 4*d**3 - 5*d + 8 + 0*d. Determine p(6).
2
Let j(p) = p**3 - 14*p**2 + 12*p + 15. Let t(w) = 2*w**3 - 2*w + 6. Let g be t(0). Suppose -17 = -g*y + 61. Determine j(y).
2
Let n(a) be the third derivative of -a**5/60 - 5*a**4/12 + 47*a**3/3 - 2*a**2 - 4*a + 1. Give n(6).
-2
Let u(p) be the first derivative of 29 + 6*p + 1/2*p**2. Let d be (-21)/6 - (-3)/(-6). Give u(d).
2
Let h(y) = y**3 + 11*y**2 - 5*y + 4. Let q(a) = a**3 + 13*a**2 - 5*a + 5. Let l(t) = 4*h(t) - 3*q(t). Let i = 18 + 6. Let v = 18 - i. Give l(v).
-5
Let c(m) = 16*m**3 - m**2 - 3*m + 4. Suppose -60*k = k - 122. Calculate c(k).
122
Let h = 110 - 5. Let w be -2*(h/12 - 3/4). Let f(r) = -r**3 - 17*r**2 - 18*r - 24. Calculate f(w).
8
Suppose -2*m + 84 = -5*m. Let t = 28 + m. Suppose 2*n - 3*n + 5 = t. Let x(g) = g**2 - 5*g - 2. Give x(n).
-2
Let w(s) be the third derivative of 0*s - 19 - 3/8*s**4 - 4*s**2 + 3/2*s**3 + 1/60*s**5. Calculate w(7).
-5
Let d(p) = p**3 + 9*p**2 - 5*p + 8. Let j(w) = -w**3 - 8*w**2 + 6*w - 9. Let x(a) = 2*d(a) + 3*j(a). Suppose -1724 = 559*k + 1809 + 939. What is x(k)?
53
Let z be -3 + 3/(6/4). Let w(b) be the first derivative of -7/4*b**4 + 1/3*b**3 - 1/2*b**2 - 93 - b. Calculate w(z).
8
Let d(u) = -28*u**3 + 82*u**3 + u**2 - 30*u**3 - 112 + 120 - 2*u - 25*u**3. Calculate d(2).
0
Let x(u) be the first derivative of 4*u**3/3 + 2*u**2 - 4*u + 1479. Determine x(-2).
4
Let b(s) = -s**3 + s**2 - s + 7. Let u be b(2). Let i(k) = -3 + 4*k**3 + u + k - 5*k**3. Calculate i(0).
-2
Let z be (-9)/6*14*2/(-6). Let k(j) = -3*j + 7. Let x(s) = 10*s - 24. Let c(d) = z*k(d) + 2*x(d). Determine c(-3).
4
Let i(h) = 3*h - 43. Suppose 0 = 3*o - 7*o + 2*c + 60, -c = 3*o - 45. Determine i(o).
2
Let x(l) be the third derivative of l**9/3024 + l**5/3 + 2*l**2 + 27*l. Let f(t) be the third derivative of x(t). Give f(-1).
-20
Suppose 3*y + 12 = 0, -6 = f + 3439*y - 3440*y. Let v(m) = 14*m + 122. What is v(f)?
-18
Suppose -88*b + 90*b - 21 = -5*f, -5*f + 29 = 3*b. Let s(j) = -j**3 + 7*j**2 + 9*j - 15. Calculate s(b).
-7
Let z(g) be the first derivative of g**3/6 - 2*g**2 + 46*g - 69. Let o(x) be the first derivative of z(x). What is o(0)?
-4
Let n(o) = -o**3 + 7*o**2 - 7*o - 8. Let z(r) = r**3 - r**2 + 6. Let g(w) = -9*w + 20 - 11*w - 7*w + 29*w. Let f be g(-10). Let i be z(f). What is n(i)?
-14
Let v(p) = -55*p + 4. Let c be (-15)/2*(-12)/110 - (-18)/99. Calculate v(c).
-51
Let t(v) = -v**3 - v - 4. Let m(r) = 2*r**3 - r**2 + 9*r + 10. Let i(g) = m(g) + 3*t(g). What is i(3)?
-20
Let c(m) = m + 30. Let x = -817 + 785. What is c(x)?
-2
Let r be ((-5)/((-50)/12))/(774/(-1935)). Let a(v) = -v**3 - 2*v**2 + 5*v + 4. What is a(r)?
-2
Suppose 0 = -5*n + 4*n + 42. Suppose p - n = -5*p. Let x(h) = -4 + 4*h - 4*h - 2*h. What is x(p)?
-18
Let s(m) be the second derivative of m**3/6 - 11*m**2/2 + 15867*m. Let i = 5 - -3. Give s(i).
-3
Let l(r) = -r**3 - 2*r**2 + 6*r. Let j(p) = -45*p - 4. Let c be j(0). What is l(c)?
8
Let o(h) be the first derivative of h**3/3 + 7*h**2 + 41*h - 1139. Calculate o(-6).
-7
Let a(v) = 6*v - 2. Let r be (-15)/6*2/10*4. Let l be (10/15)/(r/(-6)) + -4. Give a(l).
-14
Let f = -182 + 167. Let i = f - -7. Let n(h) = 2*h - 11. What is n(i)?
-27
Let p(u) = -2*u**3 + 8*u**2 - 3*u + 10. Let i(q) = q**3 - 4*q**2 + 2*q - 5. Let c(g) = 5*i(g) + 3*p(g). Let o be 5/(5/5 + 0). What is c(o)?
-15
Let s(p) be the first derivative of -p**4/4 + p**3 + 13*p**2/2 + 3*p - 2469. Calculate s(6).
-27
Let i(s) = 36*s + 57 + 15*s - 2*s**2 - s**2 - 2*s - 22. What is i(17)?
1
Let d(x) = 8*x**3 + 49*x**2 - 70*x - 49. Let m(h) = 15*h**3 + 88*h**2 - 140*h - 97. Let i(w) = -13*d(w) + 7*m(w). Determine i(24).
6
Let u(o) = -o**3 - 18*o**2 + o + 18. Suppose 693 = 18*g - 279. Suppose 3*r = 4*z - z - g, -18 = r + 5*z. Give u(r).
0
Let o(x) = -51*x**3 - 50*x**3 - 129*x**2 - 46*x**3 + 148*x**3 + 9 + 131*x**2. Calculate o(0).
9
Let l(x) be the third derivative of x**6/240 + x**5/8 + 107*x**4/12 + x**2 + 3*x. Let c(q) be the second derivative of l(q). What is c(-5)?
0
Let a(z) = 43*z - 7. Let g(y) = -72*y + 13. Let f(i) = 5*a(i) + 3*g(i). Suppose -10*s = -s + 27. Determine f(s).
7
Let i be (-24)/(-10) - 3/(-5). Let b(k) = 33*k + 35*k - 67*k + k**i + 2. What is b(-2)?
-8
Let n(g) = -g**3 + 34*g**2 + 37*g - 68. Let o be (441/14 + -14)*2.